{"id":295,"date":"2018-12-03T14:10:09","date_gmt":"2018-12-03T13:10:09","guid":{"rendered":"http:\/\/www.explorecology.com\/?page_id=295"},"modified":"2025-11-30T11:35:39","modified_gmt":"2025-11-30T10:35:39","slug":"donate","status":"publish","type":"page","link":"https:\/\/www.explorecology.com\/index.php\/en\/donate\/","title":{"rendered":"DONATE"},"content":{"rendered":"\n<p>To support the initiative, you can help Exploratory Ecology with the different types of donations listed below. You become an actor in the development of biodiversity knowledge better know to better protect. thank you!<\/p>\n\n\n\n<h2 class=\"wp-block-heading\"><a href=\"https:\/\/www.helloasso.com\/associations\/exploratory-ecology\/formulaires\/1\/widget\/en\">HelloAsso form<\/a><\/h2>\n\n\n\n<p>You can help the association with a donation via <a href=\"https:\/\/www.helloasso.com\/associations\/exploratory-ecology\/formulaires\/1\/widget\/en\">HelloAsso form<\/a>.<\/p>\n\n\n\n<figure><iframe id=\"haWidget\" style=\"width: 100%; height: 800px; border: none;\" src=\"https:\/\/www.helloasso.com\/associations\/exploratory-ecology\/formulaires\/1\/widget\" scrolling=\"auto\"><\/iframe><\/figure>\n\n\n\n<h2 class=\"wp-block-heading\">Donate for free with your internet research<\/h2>\n\n\n\n<p>You can help the association for free with your drops which you combine with your research on Lilo.<\/p>\n\n\n\n<p class=\"has-text-align-center\"><strong> 1 research on lilo = 1 drop = 1 donation to the association<\/strong><\/p>\n\n\n\n<h4 class=\"wp-block-heading\">How does it work ?<\/h4>\n\n\n\n<ul class=\"wp-block-list\">\n<li>Click on following link : <\/li>\n<\/ul>\n\n\n\n<p><a href=\"https:\/\/www.lilo.org\/?utm_source=invitation&amp;code=5d246aebb33f4\">https:\/\/www.lilo.org\/?utm_source=invitation&amp;code=5d246aebb33f4<\/a><\/p>\n\n\n\n<ul class=\"wp-block-list\">\n<li>Click on add lilo to your internet browser<\/li>\n\n\n\n<li>Follow instructions lilo<\/li>\n\n\n\n<li>Then put \u00ab\u00a0test\u00a0\u00bb in the search bar of browser<\/li>\n\n\n\n<li>Then click on drop next to magnifying glass<\/li>\n\n\n\n<li>Click on the right bottom \u00ab\u00a0account\u00a0\u00bb then create your account (your email and a password)<\/li>\n<\/ul>\n\n\n\n<ul class=\"wp-block-list\">\n<li> Then click on following link : <\/li>\n<\/ul>\n\n\n\n<p><a href=\"https:\/\/www.lilo.org\/fr\/exploratory-ecology\/?utm_source=exploratory-ecology\">https:\/\/www.lilo.org\/fr\/exploratory-ecology\/?utm_source=exploratory-ecology<\/a><\/p>\n\n\n\n<ul class=\"wp-block-list\">\n<li> finally click on off button of \u00ab\u00a0Give my drops automatically to this project\u00a0\u00bb<\/li>\n\n\n\n<li> &nbsp; a message is displayed click ok<\/li>\n<\/ul>\n\n\n\n<p> Now all your drops will be automatically donated to the association!<\/p>\n\n\n\n<h4 class=\"wp-block-heading\"><strong> On your phone<\/strong><\/h4>\n\n\n\n<ul class=\"wp-block-list\">\n<li>Download lilo app on your phone<\/li>\n\n\n\n<li>Open app<\/li>\n\n\n\n<li>Then put \u00ab\u00a0test\u00a0\u00bb in search bar of browser<\/li>\n\n\n\n<li>Then click on drop next to magnifying glass<\/li>\n\n\n\n<li>Click on the right bottom \u00ab\u00a0account\u00a0\u00bb then put your email and password<\/li>\n<\/ul>\n\n\n\n<h2 class=\"wp-block-heading\">By buying an Exploratory Ecology T-shirt <\/h2>\n\n\n\n<p>Become an explorer of biodiversity and support the association by buying this T-shirt :<\/p>\n\n\n\n<p><a href=\"https:\/\/www.helloasso.com\/associations\/exploratory-ecology\/boutiques\/t-shirt-explorateur-fourmi-association-exploratory-ecology\">https:\/\/www.helloasso.com\/associations\/exploratory-ecology\/boutiques\/t-shirt-explorateur-fourmi-association-exploratory-ecology<\/a><\/p>\n\n\n\n<p>\u27a1\ufe0f The T-shirt is unisex in 100% organic cotton, certified:<br>\u2013 GOTS responsible from a social and ecological point of view coming from organic farming,<br>\u2013 Peta approved vegan: no animal exploitation,<br>\u2013 Oeko-Tex: guarantee without any harmful substances,<br>\u2013 Fair Wear: respectful of working conditions within production.<\/p>\n\n\n\n<figure class=\"wp-block-image size-large\"><img loading=\"lazy\" decoding=\"async\" width=\"1024\" height=\"768\" src=\"https:\/\/www.explorecology.com\/wp-content\/uploads\/2023\/07\/20191208_170450-1536x1152-1-1024x768.jpg\" alt=\"\" class=\"wp-image-4083\" srcset=\"https:\/\/www.explorecology.com\/wp-content\/uploads\/2023\/07\/20191208_170450-1536x1152-1-1024x768.jpg 1024w, https:\/\/www.explorecology.com\/wp-content\/uploads\/2023\/07\/20191208_170450-1536x1152-1-300x225.jpg 300w, https:\/\/www.explorecology.com\/wp-content\/uploads\/2023\/07\/20191208_170450-1536x1152-1-768x576.jpg 768w, https:\/\/www.explorecology.com\/wp-content\/uploads\/2023\/07\/20191208_170450-1536x1152-1.jpg 1536w\" sizes=\"auto, (max-width: 1024px) 100vw, 1024px\" \/><\/figure>\n\n\n\n<h2 class=\"wp-block-heading\">Other donations<\/h2>\n\n\n\n<p>If you want to give a donation by check or for other types of donations or legacies, contact us by email at the following address : explorecology@gmail.com. <\/p>\n","protected":false},"excerpt":{"rendered":"<p>To support the initiative, you can help Exploratory Ecology with the different types of donations listed below. You become an actor in the development of biodiversity knowledge better know to better protect. thank you! HelloAsso form You can help the association with a donation via HelloAsso form. Donate for free with your internet research You<span class=\"read-more-wrap\"><a class=\"moretag\" href=\"https:\/\/www.explorecology.com\/index.php\/en\/donate\/\">Lire la suite<span class=\"screen-reader-text\">DONATE<\/span><\/a><\/span><\/p>\n","protected":false},"author":2,"featured_media":0,"parent":0,"menu_order":0,"comment_status":"closed","ping_status":"closed","template":"","meta":{"_exactmetrics_skip_tracking":false,"_exactmetrics_sitenote_active":false,"_exactmetrics_sitenote_note":"","_exactmetrics_sitenote_category":0,"footnotes":""},"class_list":["post-295","page","type-page","status-publish","hentry"],"yoast_head":"<!-- This site is optimized with the Yoast SEO plugin v26.6 - https:\/\/yoast.com\/wordpress\/plugins\/seo\/ -->\n<title>DONATE - Exploratory Ecology<\/title>\n<meta name=\"robots\" content=\"index, follow, max-snippet:-1, max-image-preview:large, max-video-preview:-1\" \/>\n<link rel=\"canonical\" href=\"https:\/\/www.explorecology.com\/index.php\/en\/donate\/\" \/>\n<meta property=\"og:locale\" content=\"fr_FR\" \/>\n<meta property=\"og:type\" content=\"article\" \/>\n<meta property=\"og:title\" content=\"DONATE - Exploratory Ecology\" \/>\n<meta property=\"og:description\" content=\"To support the initiative, you can help Exploratory Ecology with the different types of donations listed below. You become an actor in the development of biodiversity knowledge better know to better protect. thank you! HelloAsso form You can help the association with a donation via HelloAsso form. Donate for free with your internet research YouLire la suiteDONATE\" \/>\n<meta property=\"og:url\" content=\"https:\/\/www.explorecology.com\/index.php\/en\/donate\/\" \/>\n<meta property=\"og:site_name\" content=\"Exploratory Ecology\" \/>\n<meta property=\"article:publisher\" content=\"https:\/\/www.facebook.com\/explorecology\/\" \/>\n<meta property=\"article:modified_time\" content=\"2025-11-30T10:35:39+00:00\" \/>\n<meta property=\"og:image\" content=\"https:\/\/www.explorecology.com\/wp-content\/uploads\/2023\/07\/20191208_170450-1536x1152-1.jpg\" \/>\n\t<meta property=\"og:image:width\" content=\"1536\" \/>\n\t<meta property=\"og:image:height\" content=\"1152\" \/>\n\t<meta property=\"og:image:type\" content=\"image\/jpeg\" \/>\n<meta name=\"twitter:card\" content=\"summary_large_image\" \/>\n<meta name=\"twitter:site\" content=\"@Explorecology\" \/>\n<meta name=\"twitter:label1\" content=\"Dur\u00e9e de lecture estim\u00e9e\" \/>\n\t<meta name=\"twitter:data1\" content=\"2 minutes\" \/>\n<script type=\"application\/ld+json\" class=\"yoast-schema-graph\">{\"@context\":\"https:\/\/schema.org\",\"@graph\":[{\"@type\":\"WebPage\",\"@id\":\"https:\/\/www.explorecology.com\/index.php\/en\/donate\/\",\"url\":\"https:\/\/www.explorecology.com\/index.php\/en\/donate\/\",\"name\":\"DONATE - Exploratory Ecology\",\"isPartOf\":{\"@id\":\"https:\/\/www.explorecology.com\/#website\"},\"primaryImageOfPage\":{\"@id\":\"https:\/\/www.explorecology.com\/index.php\/en\/donate\/#primaryimage\"},\"image\":{\"@id\":\"https:\/\/www.explorecology.com\/index.php\/en\/donate\/#primaryimage\"},\"thumbnailUrl\":\"https:\/\/www.explorecology.com\/wp-content\/uploads\/2023\/07\/20191208_170450-1536x1152-1-1024x768.jpg\",\"datePublished\":\"2018-12-03T13:10:09+00:00\",\"dateModified\":\"2025-11-30T10:35:39+00:00\",\"breadcrumb\":{\"@id\":\"https:\/\/www.explorecology.com\/index.php\/en\/donate\/#breadcrumb\"},\"inLanguage\":\"fr-FR\",\"potentialAction\":[{\"@type\":\"ReadAction\",\"target\":[\"https:\/\/www.explorecology.com\/index.php\/en\/donate\/\"]}]},{\"@type\":\"ImageObject\",\"inLanguage\":\"fr-FR\",\"@id\":\"https:\/\/www.explorecology.com\/index.php\/en\/donate\/#primaryimage\",\"url\":\"https:\/\/www.explorecology.com\/wp-content\/uploads\/2023\/07\/20191208_170450-1536x1152-1.jpg\",\"contentUrl\":\"https:\/\/www.explorecology.com\/wp-content\/uploads\/2023\/07\/20191208_170450-1536x1152-1.jpg\",\"width\":1536,\"height\":1152},{\"@type\":\"BreadcrumbList\",\"@id\":\"https:\/\/www.explorecology.com\/index.php\/en\/donate\/#breadcrumb\",\"itemListElement\":[{\"@type\":\"ListItem\",\"position\":1,\"name\":\"Accueil\",\"item\":\"https:\/\/www.explorecology.com\/\"},{\"@type\":\"ListItem\",\"position\":2,\"name\":\"DONATE\"}]},{\"@type\":\"WebSite\",\"@id\":\"https:\/\/www.explorecology.com\/#website\",\"url\":\"https:\/\/www.explorecology.com\/\",\"name\":\"Exploratory Ecology\",\"description\":\"Association scientifique qui \u00e9tudie les relations entre les esp\u00e8ces et leur environnement pour d\u00e9finir des actions de conservation de la biodiversit\u00e9\",\"publisher\":{\"@id\":\"https:\/\/www.explorecology.com\/#organization\"},\"potentialAction\":[{\"@type\":\"SearchAction\",\"target\":{\"@type\":\"EntryPoint\",\"urlTemplate\":\"https:\/\/www.explorecology.com\/?s={search_term_string}\"},\"query-input\":{\"@type\":\"PropertyValueSpecification\",\"valueRequired\":true,\"valueName\":\"search_term_string\"}}],\"inLanguage\":\"fr-FR\"},{\"@type\":\"Organization\",\"@id\":\"https:\/\/www.explorecology.com\/#organization\",\"name\":\"Exploratory Ecology (ExplorEcology)\",\"url\":\"https:\/\/www.explorecology.com\/\",\"logo\":{\"@type\":\"ImageObject\",\"inLanguage\":\"fr-FR\",\"@id\":\"https:\/\/www.explorecology.com\/#\/schema\/logo\/image\/\",\"url\":\"https:\/\/www.explorecology.com\/wp-content\/uploads\/2019\/07\/logoE2_Good-5-1.jpg\",\"contentUrl\":\"https:\/\/www.explorecology.com\/wp-content\/uploads\/2019\/07\/logoE2_Good-5-1.jpg\",\"width\":1063,\"height\":1066,\"caption\":\"Exploratory Ecology (ExplorEcology)\"},\"image\":{\"@id\":\"https:\/\/www.explorecology.com\/#\/schema\/logo\/image\/\"},\"sameAs\":[\"https:\/\/www.facebook.com\/explorecology\/\",\"https:\/\/x.com\/Explorecology\",\"https:\/\/www.instagram.com\/explorecology\"]}]}<\/script>\n<!-- \/ Yoast SEO plugin. -->","yoast_head_json":{"title":"DONATE - Exploratory Ecology","robots":{"index":"index","follow":"follow","max-snippet":"max-snippet:-1","max-image-preview":"max-image-preview:large","max-video-preview":"max-video-preview:-1"},"canonical":"https:\/\/www.explorecology.com\/index.php\/en\/donate\/","og_locale":"fr_FR","og_type":"article","og_title":"DONATE - Exploratory Ecology","og_description":"To support the initiative, you can help Exploratory Ecology with the different types of donations listed below. You become an actor in the development of biodiversity knowledge better know to better protect. thank you! HelloAsso form You can help the association with a donation via HelloAsso form. Donate for free with your internet research YouLire la suiteDONATE","og_url":"https:\/\/www.explorecology.com\/index.php\/en\/donate\/","og_site_name":"Exploratory Ecology","article_publisher":"https:\/\/www.facebook.com\/explorecology\/","article_modified_time":"2025-11-30T10:35:39+00:00","og_image":[{"width":1536,"height":1152,"url":"https:\/\/www.explorecology.com\/wp-content\/uploads\/2023\/07\/20191208_170450-1536x1152-1.jpg","type":"image\/jpeg"}],"twitter_card":"summary_large_image","twitter_site":"@Explorecology","twitter_misc":{"Dur\u00e9e de lecture estim\u00e9e":"2 minutes"},"schema":{"@context":"https:\/\/schema.org","@graph":[{"@type":"WebPage","@id":"https:\/\/www.explorecology.com\/index.php\/en\/donate\/","url":"https:\/\/www.explorecology.com\/index.php\/en\/donate\/","name":"DONATE - Exploratory Ecology","isPartOf":{"@id":"https:\/\/www.explorecology.com\/#website"},"primaryImageOfPage":{"@id":"https:\/\/www.explorecology.com\/index.php\/en\/donate\/#primaryimage"},"image":{"@id":"https:\/\/www.explorecology.com\/index.php\/en\/donate\/#primaryimage"},"thumbnailUrl":"https:\/\/www.explorecology.com\/wp-content\/uploads\/2023\/07\/20191208_170450-1536x1152-1-1024x768.jpg","datePublished":"2018-12-03T13:10:09+00:00","dateModified":"2025-11-30T10:35:39+00:00","breadcrumb":{"@id":"https:\/\/www.explorecology.com\/index.php\/en\/donate\/#breadcrumb"},"inLanguage":"fr-FR","potentialAction":[{"@type":"ReadAction","target":["https:\/\/www.explorecology.com\/index.php\/en\/donate\/"]}]},{"@type":"ImageObject","inLanguage":"fr-FR","@id":"https:\/\/www.explorecology.com\/index.php\/en\/donate\/#primaryimage","url":"https:\/\/www.explorecology.com\/wp-content\/uploads\/2023\/07\/20191208_170450-1536x1152-1.jpg","contentUrl":"https:\/\/www.explorecology.com\/wp-content\/uploads\/2023\/07\/20191208_170450-1536x1152-1.jpg","width":1536,"height":1152},{"@type":"BreadcrumbList","@id":"https:\/\/www.explorecology.com\/index.php\/en\/donate\/#breadcrumb","itemListElement":[{"@type":"ListItem","position":1,"name":"Accueil","item":"https:\/\/www.explorecology.com\/"},{"@type":"ListItem","position":2,"name":"DONATE"}]},{"@type":"WebSite","@id":"https:\/\/www.explorecology.com\/#website","url":"https:\/\/www.explorecology.com\/","name":"Exploratory Ecology","description":"Association scientifique qui \u00e9tudie les relations entre les esp\u00e8ces et leur environnement pour d\u00e9finir des actions de conservation de la biodiversit\u00e9","publisher":{"@id":"https:\/\/www.explorecology.com\/#organization"},"potentialAction":[{"@type":"SearchAction","target":{"@type":"EntryPoint","urlTemplate":"https:\/\/www.explorecology.com\/?s={search_term_string}"},"query-input":{"@type":"PropertyValueSpecification","valueRequired":true,"valueName":"search_term_string"}}],"inLanguage":"fr-FR"},{"@type":"Organization","@id":"https:\/\/www.explorecology.com\/#organization","name":"Exploratory Ecology (ExplorEcology)","url":"https:\/\/www.explorecology.com\/","logo":{"@type":"ImageObject","inLanguage":"fr-FR","@id":"https:\/\/www.explorecology.com\/#\/schema\/logo\/image\/","url":"https:\/\/www.explorecology.com\/wp-content\/uploads\/2019\/07\/logoE2_Good-5-1.jpg","contentUrl":"https:\/\/www.explorecology.com\/wp-content\/uploads\/2019\/07\/logoE2_Good-5-1.jpg","width":1063,"height":1066,"caption":"Exploratory Ecology (ExplorEcology)"},"image":{"@id":"https:\/\/www.explorecology.com\/#\/schema\/logo\/image\/"},"sameAs":["https:\/\/www.facebook.com\/explorecology\/","https:\/\/x.com\/Explorecology","https:\/\/www.instagram.com\/explorecology"]}]}},"_links":{"self":[{"href":"https:\/\/www.explorecology.com\/index.php\/wp-json\/wp\/v2\/pages\/295","targetHints":{"allow":["GET"]}}],"collection":[{"href":"https:\/\/www.explorecology.com\/index.php\/wp-json\/wp\/v2\/pages"}],"about":[{"href":"https:\/\/www.explorecology.com\/index.php\/wp-json\/wp\/v2\/types\/page"}],"author":[{"embeddable":true,"href":"https:\/\/www.explorecology.com\/index.php\/wp-json\/wp\/v2\/users\/2"}],"replies":[{"embeddable":true,"href":"https:\/\/www.explorecology.com\/index.php\/wp-json\/wp\/v2\/comments?post=295"}],"version-history":[{"count":22,"href":"https:\/\/www.explorecology.com\/index.php\/wp-json\/wp\/v2\/pages\/295\/revisions"}],"predecessor-version":[{"id":4585,"href":"https:\/\/www.explorecology.com\/index.php\/wp-json\/wp\/v2\/pages\/295\/revisions\/4585"}],"wp:attachment":[{"href":"https:\/\/www.explorecology.com\/index.php\/wp-json\/wp\/v2\/media?parent=295"}],"curies":[{"name":"wp","href":"https:\/\/api.w.org\/{rel}","templated":true}]}}