{"id":2515,"date":"2020-05-02T21:37:16","date_gmt":"2020-05-02T19:37:16","guid":{"rendered":"http:\/\/www.explorecology.com\/?page_id=2515"},"modified":"2020-11-13T22:39:47","modified_gmt":"2020-11-13T21:39:47","slug":"reseaux-sociaux","status":"publish","type":"page","link":"https:\/\/www.explorecology.com\/index.php\/projets\/explorpublic\/reseaux-sociaux\/","title":{"rendered":"R\u00e9seaux sociaux"},"content":{"rendered":"\n<p>L&rsquo;association partage sur les r\u00e9seaux sociaux les actualit\u00e9s des projets de l&rsquo;association et des informations sur les esp\u00e8ces observ\u00e9es notamment de papillons en France et \u00e0 travers le monde. L&rsquo;objectif est de faire d\u00e9couvrir la nature qui nous entoure et de sensibiliser tous les publics de tout \u00e2ge et de tout horizon \u00e0 la protection de la nature.<\/p>\n\n\n\n<p>La communaut\u00e9 de followers sur la <a href=\"https:\/\/www.facebook.com\/explorecology\/\">page facebook de l&rsquo;association<\/a> est diversifi\u00e9e et compte plus de 3000 personnes. Les followers d\u00e9nomm\u00e9s explorateurs sont des hommes et des femmes situ\u00e9s dans plusieurs pays du monde avec une majorit\u00e9 de followers en Europe et en Afrique. <\/p>\n\n\n\n<figure class=\"wp-block-image size-large\"><img loading=\"lazy\" decoding=\"async\" width=\"1024\" height=\"629\" src=\"http:\/\/www.explorecology.com\/wp-content\/uploads\/2020\/05\/image-25-1024x629.png\" alt=\"\" class=\"wp-image-2551\" srcset=\"https:\/\/www.explorecology.com\/wp-content\/uploads\/2020\/05\/image-25-1024x629.png 1024w, https:\/\/www.explorecology.com\/wp-content\/uploads\/2020\/05\/image-25-300x184.png 300w, https:\/\/www.explorecology.com\/wp-content\/uploads\/2020\/05\/image-25-768x472.png 768w, https:\/\/www.explorecology.com\/wp-content\/uploads\/2020\/05\/image-25-1536x944.png 1536w, https:\/\/www.explorecology.com\/wp-content\/uploads\/2020\/05\/image-25.png 1828w\" sizes=\"auto, (max-width: 1024px) 100vw, 1024px\" \/><figcaption>Carte de localisation des abonn\u00e9s facebook de la page Exploratory Ecology \u00a9 F. Mallard<\/figcaption><\/figure>\n\n\n\n<p>35% lisent les publications en fran\u00e7ais et 65% en anglais. <\/p>\n\n\n\n<div class=\"wp-block-image\"><figure class=\"aligncenter size-large is-resized\"><img loading=\"lazy\" decoding=\"async\" src=\"http:\/\/www.explorecology.com\/wp-content\/uploads\/2020\/05\/image-24.png\" alt=\"\" class=\"wp-image-2550\" width=\"367\" height=\"339\" srcset=\"https:\/\/www.explorecology.com\/wp-content\/uploads\/2020\/05\/image-24.png 761w, https:\/\/www.explorecology.com\/wp-content\/uploads\/2020\/05\/image-24-300x278.png 300w\" sizes=\"auto, (max-width: 367px) 100vw, 367px\" \/><figcaption>Langues parl\u00e9es des abonn\u00e9s de la page Exploratory Ecology \u00a9 F. Mallard<\/figcaption><\/figure><\/div>\n\n\n\n<p>56% des followers ont entre 13 et 17 ans, 20% entre 18 et 24 ans et 24% entre 25 et 65 ans et plus.<\/p>\n\n\n\n<figure class=\"wp-block-image size-large\"><img loading=\"lazy\" decoding=\"async\" width=\"1024\" height=\"298\" src=\"http:\/\/www.explorecology.com\/wp-content\/uploads\/2020\/05\/image-39-1024x298.png\" alt=\"\" class=\"wp-image-2586\" srcset=\"https:\/\/www.explorecology.com\/wp-content\/uploads\/2020\/05\/image-39-1024x298.png 1024w, https:\/\/www.explorecology.com\/wp-content\/uploads\/2020\/05\/image-39-300x87.png 300w, https:\/\/www.explorecology.com\/wp-content\/uploads\/2020\/05\/image-39-768x223.png 768w, https:\/\/www.explorecology.com\/wp-content\/uploads\/2020\/05\/image-39.png 1262w\" sizes=\"auto, (max-width: 1024px) 100vw, 1024px\" \/><figcaption>R\u00e9partition des ages des abonn\u00e9s de la page Exploratory Ecology \u00a9 F. Mallard<\/figcaption><\/figure>\n\n\n\n<p>Les vid\u00e9os ont re\u00e7u les likes facebook suivants :<\/p>\n\n\n\n<ul class=\"wp-block-list\"><li>Les vid\u00e9os de <a href=\"http:\/\/www.explorecology.com\/index.php\/explorecology\/\">pr\u00e9sentation de l&rsquo;association<\/a> en anglais et en fran\u00e7ais : respectivement 938 et 267 likes<\/li><\/ul>\n\n\n\n<figure class=\"wp-block-image size-large\"><a href=\"https:\/\/www.youtube.com\/watch?v=3WBE3_sRN0U\"><img loading=\"lazy\" decoding=\"async\" width=\"802\" height=\"971\" src=\"http:\/\/www.explorecology.com\/wp-content\/uploads\/2020\/05\/image-36.png\" alt=\"\" class=\"wp-image-2580\" srcset=\"https:\/\/www.explorecology.com\/wp-content\/uploads\/2020\/05\/image-36.png 802w, https:\/\/www.explorecology.com\/wp-content\/uploads\/2020\/05\/image-36-248x300.png 248w, https:\/\/www.explorecology.com\/wp-content\/uploads\/2020\/05\/image-36-768x930.png 768w\" sizes=\"auto, (max-width: 802px) 100vw, 802px\" \/><\/a><\/figure>\n\n\n\n<figure class=\"wp-block-image size-large\"><a href=\"https:\/\/www.youtube.com\/watch?v=cIXWajTpMlo\"><img loading=\"lazy\" decoding=\"async\" width=\"808\" height=\"1003\" src=\"http:\/\/www.explorecology.com\/wp-content\/uploads\/2020\/05\/image-38.png\" alt=\"\" class=\"wp-image-2582\" srcset=\"https:\/\/www.explorecology.com\/wp-content\/uploads\/2020\/05\/image-38.png 808w, https:\/\/www.explorecology.com\/wp-content\/uploads\/2020\/05\/image-38-242x300.png 242w, https:\/\/www.explorecology.com\/wp-content\/uploads\/2020\/05\/image-38-768x953.png 768w\" sizes=\"auto, (max-width: 808px) 100vw, 808px\" \/><\/a><\/figure>\n\n\n\n<ul class=\"wp-block-list\"><li>La vid\u00e9o sur le projet des papillons du Nigeria : 621 likes.<\/li><\/ul>\n\n\n\n<figure class=\"wp-block-image size-large\"><img loading=\"lazy\" decoding=\"async\" width=\"816\" height=\"970\" src=\"http:\/\/www.explorecology.com\/wp-content\/uploads\/2020\/05\/image-42.png\" alt=\"\" class=\"wp-image-2648\" srcset=\"https:\/\/www.explorecology.com\/wp-content\/uploads\/2020\/05\/image-42.png 816w, https:\/\/www.explorecology.com\/wp-content\/uploads\/2020\/05\/image-42-252x300.png 252w, https:\/\/www.explorecology.com\/wp-content\/uploads\/2020\/05\/image-42-768x913.png 768w\" sizes=\"auto, (max-width: 816px) 100vw, 816px\" \/><\/figure>\n\n\n\n<ul class=\"wp-block-list\"><li>How to make a butterfly with a toilet paper roll video : 323 likes.<\/li><\/ul>\n\n\n\n<figure class=\"wp-block-image size-large\"><img loading=\"lazy\" decoding=\"async\" width=\"914\" height=\"934\" src=\"https:\/\/www.explorecology.com\/wp-content\/uploads\/2020\/11\/image-8.png\" alt=\"\" class=\"wp-image-3126\" srcset=\"https:\/\/www.explorecology.com\/wp-content\/uploads\/2020\/11\/image-8.png 914w, https:\/\/www.explorecology.com\/wp-content\/uploads\/2020\/11\/image-8-294x300.png 294w, https:\/\/www.explorecology.com\/wp-content\/uploads\/2020\/11\/image-8-768x785.png 768w\" sizes=\"auto, (max-width: 914px) 100vw, 914px\" \/><\/figure>\n\n\n\n<p>Sur <a href=\"https:\/\/www.instagram.com\/explorecology\">Instagram<\/a>, plus d&rsquo;une centaine de personnes sont abonn\u00e9es. Les hashtags les plus utilis\u00e9s sont : #nature #butterfly #lepidoptera #papillon #instanature #naturephotography #macronature. 73 publications ont re\u00e7ues 2561 j&rsquo;aime et 51 commentaires au total. En moyenne une publication a 35 j&rsquo;aime. Les publications les plus aim\u00e9es sont les photos suivantes.<\/p>\n\n\n\n<figure class=\"wp-block-image size-large\"><a href=\"https:\/\/www.instagram.com\/explorecology\"><img loading=\"lazy\" decoding=\"async\" width=\"762\" height=\"1024\" src=\"http:\/\/www.explorecology.com\/wp-content\/uploads\/2020\/05\/image-40-762x1024.png\" alt=\"\" class=\"wp-image-2589\" srcset=\"https:\/\/www.explorecology.com\/wp-content\/uploads\/2020\/05\/image-40-762x1024.png 762w, https:\/\/www.explorecology.com\/wp-content\/uploads\/2020\/05\/image-40-223x300.png 223w, https:\/\/www.explorecology.com\/wp-content\/uploads\/2020\/05\/image-40-768x1031.png 768w, https:\/\/www.explorecology.com\/wp-content\/uploads\/2020\/05\/image-40.png 1070w\" sizes=\"auto, (max-width: 762px) 100vw, 762px\" \/><\/a><\/figure>\n","protected":false},"excerpt":{"rendered":"<p>L&rsquo;association partage sur les r\u00e9seaux sociaux les actualit\u00e9s des projets de l&rsquo;association et des informations sur les esp\u00e8ces observ\u00e9es notamment de papillons en France et \u00e0 travers le monde. L&rsquo;objectif est de faire d\u00e9couvrir la nature qui nous entoure et de sensibiliser tous les publics de tout \u00e2ge et de tout horizon \u00e0 la protection<span class=\"read-more-wrap\"><a class=\"moretag\" href=\"https:\/\/www.explorecology.com\/index.php\/projets\/explorpublic\/reseaux-sociaux\/\">Lire la suite<span class=\"screen-reader-text\">R\u00e9seaux sociaux<\/span><\/a><\/span><\/p>\n","protected":false},"author":2,"featured_media":0,"parent":1557,"menu_order":1,"comment_status":"closed","ping_status":"closed","template":"","meta":{"_exactmetrics_skip_tracking":false,"_exactmetrics_sitenote_active":false,"_exactmetrics_sitenote_note":"","_exactmetrics_sitenote_category":0,"footnotes":""},"class_list":["post-2515","page","type-page","status-publish","hentry"],"yoast_head":"<!-- This site is optimized with the Yoast SEO plugin v27.4 - https:\/\/yoast.com\/product\/yoast-seo-wordpress\/ -->\n<title>R\u00e9seaux sociaux - Exploratory Ecology<\/title>\n<meta name=\"robots\" content=\"index, follow, max-snippet:-1, max-image-preview:large, max-video-preview:-1\" \/>\n<link rel=\"canonical\" href=\"https:\/\/www.explorecology.com\/index.php\/projets\/explorpublic\/reseaux-sociaux\/\" \/>\n<meta property=\"og:locale\" content=\"fr_FR\" \/>\n<meta property=\"og:type\" content=\"article\" \/>\n<meta property=\"og:title\" content=\"R\u00e9seaux sociaux - Exploratory Ecology\" \/>\n<meta property=\"og:description\" content=\"L&rsquo;association partage sur les r\u00e9seaux sociaux les actualit\u00e9s des projets de l&rsquo;association et des informations sur les esp\u00e8ces observ\u00e9es notamment de papillons en France et \u00e0 travers le monde. L&rsquo;objectif est de faire d\u00e9couvrir la nature qui nous entoure et de sensibiliser tous les publics de tout \u00e2ge et de tout horizon \u00e0 la protectionLire la suiteR\u00e9seaux sociaux\" \/>\n<meta property=\"og:url\" content=\"https:\/\/www.explorecology.com\/index.php\/projets\/explorpublic\/reseaux-sociaux\/\" \/>\n<meta property=\"og:site_name\" content=\"Exploratory Ecology\" \/>\n<meta property=\"article:publisher\" content=\"https:\/\/www.facebook.com\/explorecology\/\" \/>\n<meta property=\"article:modified_time\" content=\"2020-11-13T21:39:47+00:00\" \/>\n<meta property=\"og:image\" content=\"http:\/\/www.explorecology.com\/wp-content\/uploads\/2020\/05\/image-25-1024x629.png\" \/>\n<meta name=\"twitter:card\" content=\"summary_large_image\" \/>\n<meta name=\"twitter:site\" content=\"@Explorecology\" \/>\n<meta name=\"twitter:label1\" content=\"Dur\u00e9e de lecture estim\u00e9e\" \/>\n\t<meta name=\"twitter:data1\" content=\"1 minute\" \/>\n<script type=\"application\/ld+json\" class=\"yoast-schema-graph\">{\"@context\":\"https:\\\/\\\/schema.org\",\"@graph\":[{\"@type\":\"WebPage\",\"@id\":\"https:\\\/\\\/www.explorecology.com\\\/index.php\\\/projets\\\/explorpublic\\\/reseaux-sociaux\\\/\",\"url\":\"https:\\\/\\\/www.explorecology.com\\\/index.php\\\/projets\\\/explorpublic\\\/reseaux-sociaux\\\/\",\"name\":\"R\u00e9seaux sociaux - Exploratory Ecology\",\"isPartOf\":{\"@id\":\"https:\\\/\\\/www.explorecology.com\\\/#website\"},\"primaryImageOfPage\":{\"@id\":\"https:\\\/\\\/www.explorecology.com\\\/index.php\\\/projets\\\/explorpublic\\\/reseaux-sociaux\\\/#primaryimage\"},\"image\":{\"@id\":\"https:\\\/\\\/www.explorecology.com\\\/index.php\\\/projets\\\/explorpublic\\\/reseaux-sociaux\\\/#primaryimage\"},\"thumbnailUrl\":\"http:\\\/\\\/www.explorecology.com\\\/wp-content\\\/uploads\\\/2020\\\/05\\\/image-25-1024x629.png\",\"datePublished\":\"2020-05-02T19:37:16+00:00\",\"dateModified\":\"2020-11-13T21:39:47+00:00\",\"breadcrumb\":{\"@id\":\"https:\\\/\\\/www.explorecology.com\\\/index.php\\\/projets\\\/explorpublic\\\/reseaux-sociaux\\\/#breadcrumb\"},\"inLanguage\":\"fr-FR\",\"potentialAction\":[{\"@type\":\"ReadAction\",\"target\":[\"https:\\\/\\\/www.explorecology.com\\\/index.php\\\/projets\\\/explorpublic\\\/reseaux-sociaux\\\/\"]}]},{\"@type\":\"ImageObject\",\"inLanguage\":\"fr-FR\",\"@id\":\"https:\\\/\\\/www.explorecology.com\\\/index.php\\\/projets\\\/explorpublic\\\/reseaux-sociaux\\\/#primaryimage\",\"url\":\"https:\\\/\\\/www.explorecology.com\\\/wp-content\\\/uploads\\\/2020\\\/05\\\/image-25.png\",\"contentUrl\":\"https:\\\/\\\/www.explorecology.com\\\/wp-content\\\/uploads\\\/2020\\\/05\\\/image-25.png\",\"width\":1828,\"height\":1123},{\"@type\":\"BreadcrumbList\",\"@id\":\"https:\\\/\\\/www.explorecology.com\\\/index.php\\\/projets\\\/explorpublic\\\/reseaux-sociaux\\\/#breadcrumb\",\"itemListElement\":[{\"@type\":\"ListItem\",\"position\":1,\"name\":\"Accueil\",\"item\":\"https:\\\/\\\/www.explorecology.com\\\/\"},{\"@type\":\"ListItem\",\"position\":2,\"name\":\"Projets\",\"item\":\"https:\\\/\\\/www.explorecology.com\\\/index.php\\\/projets\\\/\"},{\"@type\":\"ListItem\",\"position\":3,\"name\":\"ExplorPublic\",\"item\":\"https:\\\/\\\/www.explorecology.com\\\/index.php\\\/projets\\\/explorpublic\\\/\"},{\"@type\":\"ListItem\",\"position\":4,\"name\":\"R\u00e9seaux sociaux\"}]},{\"@type\":\"WebSite\",\"@id\":\"https:\\\/\\\/www.explorecology.com\\\/#website\",\"url\":\"https:\\\/\\\/www.explorecology.com\\\/\",\"name\":\"Exploratory Ecology\",\"description\":\"Association scientifique qui \u00e9tudie les relations entre les esp\u00e8ces et leur environnement pour d\u00e9finir des actions de conservation de la biodiversit\u00e9\",\"publisher\":{\"@id\":\"https:\\\/\\\/www.explorecology.com\\\/#organization\"},\"potentialAction\":[{\"@type\":\"SearchAction\",\"target\":{\"@type\":\"EntryPoint\",\"urlTemplate\":\"https:\\\/\\\/www.explorecology.com\\\/?s={search_term_string}\"},\"query-input\":{\"@type\":\"PropertyValueSpecification\",\"valueRequired\":true,\"valueName\":\"search_term_string\"}}],\"inLanguage\":\"fr-FR\"},{\"@type\":\"Organization\",\"@id\":\"https:\\\/\\\/www.explorecology.com\\\/#organization\",\"name\":\"Exploratory Ecology (ExplorEcology)\",\"url\":\"https:\\\/\\\/www.explorecology.com\\\/\",\"logo\":{\"@type\":\"ImageObject\",\"inLanguage\":\"fr-FR\",\"@id\":\"https:\\\/\\\/www.explorecology.com\\\/#\\\/schema\\\/logo\\\/image\\\/\",\"url\":\"https:\\\/\\\/www.explorecology.com\\\/wp-content\\\/uploads\\\/2019\\\/07\\\/logoE2_Good-5-1.jpg\",\"contentUrl\":\"https:\\\/\\\/www.explorecology.com\\\/wp-content\\\/uploads\\\/2019\\\/07\\\/logoE2_Good-5-1.jpg\",\"width\":1063,\"height\":1066,\"caption\":\"Exploratory Ecology (ExplorEcology)\"},\"image\":{\"@id\":\"https:\\\/\\\/www.explorecology.com\\\/#\\\/schema\\\/logo\\\/image\\\/\"},\"sameAs\":[\"https:\\\/\\\/www.facebook.com\\\/explorecology\\\/\",\"https:\\\/\\\/x.com\\\/Explorecology\",\"https:\\\/\\\/www.instagram.com\\\/explorecology\"]}]}<\/script>\n<!-- \/ Yoast SEO plugin. -->","yoast_head_json":{"title":"R\u00e9seaux sociaux - Exploratory Ecology","robots":{"index":"index","follow":"follow","max-snippet":"max-snippet:-1","max-image-preview":"max-image-preview:large","max-video-preview":"max-video-preview:-1"},"canonical":"https:\/\/www.explorecology.com\/index.php\/projets\/explorpublic\/reseaux-sociaux\/","og_locale":"fr_FR","og_type":"article","og_title":"R\u00e9seaux sociaux - Exploratory Ecology","og_description":"L&rsquo;association partage sur les r\u00e9seaux sociaux les actualit\u00e9s des projets de l&rsquo;association et des informations sur les esp\u00e8ces observ\u00e9es notamment de papillons en France et \u00e0 travers le monde. L&rsquo;objectif est de faire d\u00e9couvrir la nature qui nous entoure et de sensibiliser tous les publics de tout \u00e2ge et de tout horizon \u00e0 la protectionLire la suiteR\u00e9seaux sociaux","og_url":"https:\/\/www.explorecology.com\/index.php\/projets\/explorpublic\/reseaux-sociaux\/","og_site_name":"Exploratory Ecology","article_publisher":"https:\/\/www.facebook.com\/explorecology\/","article_modified_time":"2020-11-13T21:39:47+00:00","og_image":[{"url":"http:\/\/www.explorecology.com\/wp-content\/uploads\/2020\/05\/image-25-1024x629.png","type":"","width":"","height":""}],"twitter_card":"summary_large_image","twitter_site":"@Explorecology","twitter_misc":{"Dur\u00e9e de lecture estim\u00e9e":"1 minute"},"schema":{"@context":"https:\/\/schema.org","@graph":[{"@type":"WebPage","@id":"https:\/\/www.explorecology.com\/index.php\/projets\/explorpublic\/reseaux-sociaux\/","url":"https:\/\/www.explorecology.com\/index.php\/projets\/explorpublic\/reseaux-sociaux\/","name":"R\u00e9seaux sociaux - Exploratory Ecology","isPartOf":{"@id":"https:\/\/www.explorecology.com\/#website"},"primaryImageOfPage":{"@id":"https:\/\/www.explorecology.com\/index.php\/projets\/explorpublic\/reseaux-sociaux\/#primaryimage"},"image":{"@id":"https:\/\/www.explorecology.com\/index.php\/projets\/explorpublic\/reseaux-sociaux\/#primaryimage"},"thumbnailUrl":"http:\/\/www.explorecology.com\/wp-content\/uploads\/2020\/05\/image-25-1024x629.png","datePublished":"2020-05-02T19:37:16+00:00","dateModified":"2020-11-13T21:39:47+00:00","breadcrumb":{"@id":"https:\/\/www.explorecology.com\/index.php\/projets\/explorpublic\/reseaux-sociaux\/#breadcrumb"},"inLanguage":"fr-FR","potentialAction":[{"@type":"ReadAction","target":["https:\/\/www.explorecology.com\/index.php\/projets\/explorpublic\/reseaux-sociaux\/"]}]},{"@type":"ImageObject","inLanguage":"fr-FR","@id":"https:\/\/www.explorecology.com\/index.php\/projets\/explorpublic\/reseaux-sociaux\/#primaryimage","url":"https:\/\/www.explorecology.com\/wp-content\/uploads\/2020\/05\/image-25.png","contentUrl":"https:\/\/www.explorecology.com\/wp-content\/uploads\/2020\/05\/image-25.png","width":1828,"height":1123},{"@type":"BreadcrumbList","@id":"https:\/\/www.explorecology.com\/index.php\/projets\/explorpublic\/reseaux-sociaux\/#breadcrumb","itemListElement":[{"@type":"ListItem","position":1,"name":"Accueil","item":"https:\/\/www.explorecology.com\/"},{"@type":"ListItem","position":2,"name":"Projets","item":"https:\/\/www.explorecology.com\/index.php\/projets\/"},{"@type":"ListItem","position":3,"name":"ExplorPublic","item":"https:\/\/www.explorecology.com\/index.php\/projets\/explorpublic\/"},{"@type":"ListItem","position":4,"name":"R\u00e9seaux sociaux"}]},{"@type":"WebSite","@id":"https:\/\/www.explorecology.com\/#website","url":"https:\/\/www.explorecology.com\/","name":"Exploratory Ecology","description":"Association scientifique qui \u00e9tudie les relations entre les esp\u00e8ces et leur environnement pour d\u00e9finir des actions de conservation de la biodiversit\u00e9","publisher":{"@id":"https:\/\/www.explorecology.com\/#organization"},"potentialAction":[{"@type":"SearchAction","target":{"@type":"EntryPoint","urlTemplate":"https:\/\/www.explorecology.com\/?s={search_term_string}"},"query-input":{"@type":"PropertyValueSpecification","valueRequired":true,"valueName":"search_term_string"}}],"inLanguage":"fr-FR"},{"@type":"Organization","@id":"https:\/\/www.explorecology.com\/#organization","name":"Exploratory Ecology (ExplorEcology)","url":"https:\/\/www.explorecology.com\/","logo":{"@type":"ImageObject","inLanguage":"fr-FR","@id":"https:\/\/www.explorecology.com\/#\/schema\/logo\/image\/","url":"https:\/\/www.explorecology.com\/wp-content\/uploads\/2019\/07\/logoE2_Good-5-1.jpg","contentUrl":"https:\/\/www.explorecology.com\/wp-content\/uploads\/2019\/07\/logoE2_Good-5-1.jpg","width":1063,"height":1066,"caption":"Exploratory Ecology (ExplorEcology)"},"image":{"@id":"https:\/\/www.explorecology.com\/#\/schema\/logo\/image\/"},"sameAs":["https:\/\/www.facebook.com\/explorecology\/","https:\/\/x.com\/Explorecology","https:\/\/www.instagram.com\/explorecology"]}]}},"_links":{"self":[{"href":"https:\/\/www.explorecology.com\/index.php\/wp-json\/wp\/v2\/pages\/2515","targetHints":{"allow":["GET"]}}],"collection":[{"href":"https:\/\/www.explorecology.com\/index.php\/wp-json\/wp\/v2\/pages"}],"about":[{"href":"https:\/\/www.explorecology.com\/index.php\/wp-json\/wp\/v2\/types\/page"}],"author":[{"embeddable":true,"href":"https:\/\/www.explorecology.com\/index.php\/wp-json\/wp\/v2\/users\/2"}],"replies":[{"embeddable":true,"href":"https:\/\/www.explorecology.com\/index.php\/wp-json\/wp\/v2\/comments?post=2515"}],"version-history":[{"count":24,"href":"https:\/\/www.explorecology.com\/index.php\/wp-json\/wp\/v2\/pages\/2515\/revisions"}],"predecessor-version":[{"id":3130,"href":"https:\/\/www.explorecology.com\/index.php\/wp-json\/wp\/v2\/pages\/2515\/revisions\/3130"}],"up":[{"embeddable":true,"href":"https:\/\/www.explorecology.com\/index.php\/wp-json\/wp\/v2\/pages\/1557"}],"wp:attachment":[{"href":"https:\/\/www.explorecology.com\/index.php\/wp-json\/wp\/v2\/media?parent=2515"}],"curies":[{"name":"wp","href":"https:\/\/api.w.org\/{rel}","templated":true}]}}